-n - 566, 5*q + 3*n + 48 = -510. Let g = 115 + q. What is the units digit of 9/(-36) + (-394)/(-8) + g?
0
Let b be (-2)/(-3)*18*(-3)/(-12). Suppose -5*r - x + 141 = 0, r + b*x = 5*x + 26. What is the units digit of 2/3 + 7/12*r?
7
Let a(b) = 615*b - 498. What is the hundreds digit of a(9)?
0
Suppose 0 = -99*x + 553706 + 960697. What is the ten thousands digit of x?
1
Let u(c) = -3329*c + 37. What is the hundreds digit of u(-2)?
6
Let i(n) = -n**3 - 2*n**2 + 15*n - 186. What is the hundreds digit of i(-16)?
1
Suppose 2*j - 8464 - 1308 = -3*m, -m = -2*j + 9788. What is the thousands digit of j?
4
Let t(i) = 16*i**2 - 7*i - 1. Let z be t(7). Let l = 1149 - z. What is the units digit of l?
5
Let j = 76 - 73. Let q be ((-397)/(-3))/((-4)/(-12)). Suppose -209 - q = -j*n. What is the tens digit of n?
0
Let j(a) = -a**3 + 5*a**2 - 5*a + 7. Let k be j(4). Let x be (0/((-1*6)/k))/(-2). What is the hundreds digit of (x - (3 + -1))*(-81 - 3)?
1
Let u(c) = 3*c**2 - 39*c - 41. Let p(v) = 15*v - 73. Let y(g) = g - 4. Let q be y(10). Let a be p(q). What is the units digit of u(a)?
3
Suppose j + 3*j + 64 = 0. Let b be (760/1)/(j + 17). Suppose 12*a = 7*a + b. What is the tens digit of a?
5
Let t(q) = q**3 + 9*q**2 - 93*q + 2335. What is the hundreds digit of t(26)?
5
Let u = -72343 - -103048. What is the ten thousands digit of u?
3
Suppose 15 = -11*v - 7. Let n(f) = 27*f**2 - 5*f - 13. Let s be n(v). What is the tens digit of (770/s)/((-2)/36*-2)?
6
Let d be (-14)/((-392)/(-4725))*-4. Let b = d + -50. What is the units digit of b?
5
Let h be 1/((3 + (-220)/74)*1). Suppose -h*l + 2235 = -32*l. Suppose 3*r - 2*j - l = 0, -2*j + 459 = 3*r - 0*j. What is the units digit of r?
1
Let x be (-9 + 1)*(-126)/72. Let q(h) = -2*h + 11*h + h**3 + 2*h + x*h**2 + 16. What is the units digit of q(-13)?
2
Suppose -325 = -36*h + 971. What is the tens digit of (-453)/(-9) - h/27?
4
Let a be -6 - 2075 - -2 - (-2 + -3). Let q = a + 3112. What is the hundreds digit of q?
0
Let m = 212 - 115. Let b = 268 - m. What is the hundreds digit of b?
1
Suppose -49*s + 73479 = -306075. What is the hundreds digit of s?
7
Let k(z) = z**3 - 9*z**2 + 6*z + 9. Let s(g) = 3*g - 6. Let v(q) = -q**2 - 14*q - 8. Let t be v(-13). Let i be s(t). What is the units digit of k(i)?
3
Suppose 9*r = 7 + 38. Let c(v) = 5*v**2 + 15*v - 12. What is the hundreds digit of c(r)?
1
Let p(w) = -17*w - 15. Let q = -28 + 31. Suppose 15 = -6*i - q. What is the tens digit of p(i)?
3
Let s = -76260 + 127175. What is the hundreds digit of s?
9
Let x(p) = 74*p**3 - 12*p**2 - 4*p - 3. Let j(o) = -37*o**3 + 6*o**2 + 3*o + 1. Let l(h) = 11*j(h) + 6*x(h). What is the hundreds digit of l(2)?
2
Let f = 20 - -10. Suppose -6*u + f = -210. Let o = -19 + u. What is the tens digit of o?
2
Let j(r) = 0*r**3 + 10*r**2 + 31 + 22 - 10 - r**3 + 6*r. What is the units digit of j(10)?
3
Let v(t) be the first derivative of 77*t**2/2 + 15*t - 10. Let j(l) = -l. Let h(a) = -4*j(a) - v(a). What is the tens digit of h(-2)?
3
Let n = 267 - 262. Suppose 3*x - 1516 = -n*v + 1752, 2*x + 8 = 0. What is the tens digit of v?
5
Suppose 39*h - 34*h - 2035 = 0. Suppose h*i = 412*i - 5855. What is the hundreds digit of i?
1
Let x = 19651 + 14651. What is the hundreds digit of x?
3
Let b be 93*(-1 + 2/3). Let v(p) = -65*p - 47. Let u be v(-2). Let f = b + u. What is the tens digit of f?
5
Let x(n) = n**3 - 22*n - 1. Let t(z) = z**2 + 8*z - 4. Suppose -p - 3 = 6. Let i be t(p). What is the units digit of x(i)?
4
Suppose 5 = -t, -4*f - 7 = -2*f + 3*t. Suppose -3*s + 0*l + 6 = 3*l, 5*s + f*l = 10. Suppose w - 5*n - 70 = 0, -w + 63 = -s*n + 8. What is the units digit of w?
5
Suppose -o = 4*o + 365. Let z = o + 125. Let n = 56 - z. What is the units digit of n?
4
Let z = -129 - -130. Let c(b) = 557*b**3 + b**2 - b. What is the units digit of c(z)?
7
Suppose 156 = n - 23. Suppose n = -4*p - 3*l, 4*p + l + 210 = -p. Let c = p + 111. What is the tens digit of c?
7
Let v(o) = -47*o - 10. Let b be v(4). Let u = -482 - b. What is the hundreds digit of (-2*u/6)/((-50)/(-75))?
1
Let q = -21773 + 33023. What is the hundreds digit of q?
2
Let r = -25649 - -42869. Suppose 0 = -609*k + 619*k - r. What is the hundreds digit of k?
7
What is the tens digit of (1*(-7 - -134))/((-4)/(-956) + 0)?
5
Suppose -3*w - 1933 = -40. Let v = -210 - w. What is the hundreds digit of v?
4
Let n = 433 + -63. Suppose n = -6*j - 458. Let r = 206 + j. What is the tens digit of r?
6
Let m = -137 - -271. Suppose 5*v - 894 = -m. What is the hundreds digit of v?
1
Let n(o) = 334*o**2 - 40*o + 142. What is the ten thousands digit of n(9)?
2
Let p(j) = 4031*j**2 - 17*j + 8. What is the tens digit of p(1)?
2
Let o = 115 - 124. Let l(v) = -v**3 - 8*v**2 + 10*v + 12. Let x be l(o). What is the tens digit of x*3/(9/(-2)) + 61?
5
Let q(g) = 18*g + 2 - 15*g + 7. Let x be q(0). Suppose 0 = -x*v + 689 - 50. What is the tens digit of v?
7
Let f = -300 - -304. Suppose -f*x + 1960 = x. What is the tens digit of x?
9
Let u(y) = 82*y**3 - 3*y - 3. Let m be u(-2). What is the units digit of (-14 - -13)/(1/m)?
3
Let c(p) = -909*p**2 - 27*p - 43. Let l(d) = 456*d**2 + 13*d + 22. Let h(k) = 2*c(k) + 5*l(k). What is the tens digit of h(-2)?
5
Suppose 3*z - 4*n - 50 = -6*n, 17 = z + n. Suppose 2*c + z = 10*c. Suppose 1161 = 7*p + c*p. What is the hundreds digit of p?
1
Let a(v) = 2*v**3 - 30*v**2 - 85*v + 74. What is the hundreds digit of a(23)?
5
Let s be (-6 + -61 + 1)*((-37)/3 - -11). Suppose -3*a + 1195 = 79. Suppose 0 = s*g - 92*g + a. What is the tens digit of g?
9
Suppose 5*o - 3*u - 83812 = 0, 4*u = 438 - 454. What is the units digit of o?
0
Let k be (-21)/(-7)*(-6)/9. Let f be 75*(-2)/(-2)*(1 - k). Let o = f + -102. What is the tens digit of o?
2
Suppose 14*n = 4*n + 53100. Suppose 8*y + n = 3*y. What is the hundreds digit of y/(-5) + 8/(-20)?
2
Suppose 6*t = 10*t - 5*d + 12, 2*t - 5*d + 16 = 0. Suppose g - 4*k + 1180 = 6*g, -t*k = g - 236. What is the units digit of g?
6
Suppose 0 = -29*m + 25*m + 3*n + 1510, -3*m - 5*n + 1147 = 0. What is the tens digit of m?
7
Suppose 0 = 3*l - 2*l + 4*l. What is the hundreds digit of ((-2296)/(49/7))/(-1 - l)?
3
Let l = -9130 - -16262. What is the hundreds digit of l?
1
Suppose 2*v - 656*y - 20796 = -657*y, -4*v = -4*y - 41568. What is the ten thousands digit of v?
1
Suppose -5*g = 286 - 21. Suppose 0 = 2*u + j + 265, u + 0*j + 120 = -3*j. Let p = g - u. What is the units digit of p?
2
Let u = 45 + -21. Let q = u - 21. Let d(o) = o**3 - 5*o**2 + 9*o - 5. What is the units digit of d(q)?
4
Suppose 8*i = 12*i - 16. Suppose -5*m + 0*o + 537 = 3*o, i*o - 428 = -4*m. Suppose 56*w - m = 54*w. What is the tens digit of w?
5
Let n(i) = 598*i - 2. Let w(k) = 199*k - 1. Let l(c) = 2*n(c) - 7*w(c). What is the hundreds digit of l(-1)?
2
Let y(t) = 6*t + 3. Let v be y(1). Suppose v*z - 15792 = -12*z. What is the units digit of z?
2
Suppose -6*t = -15*t + 63. Suppose t*v = 6*v + 5, -v + 3761 = 3*r. What is the tens digit of r?
5
Suppose 18 = 4*k + c + c, -5*c + 31 = 3*k. Let h be (k + -2)/(3/(3/2)). Suppose -n + 2*u = 2*n - 243, -4*n - u + 335 = h. What is the units digit of n?
3
Let h(z) = -9*z + 73. Let p be h(7). Let u(i) = -i**3 + 16*i**2 - 16*i - 10. What is the tens digit of u(p)?
3
Suppose 0 = 2*b - 3*x + 308, 0 = 5*b + 4*x + 264 + 460. Let c(h) = 3*h**2 + 2*h - 14. Let w be c(-10). Let a = w + b. What is the hundreds digit of a?
1
Let n(g) = 142*g + 40 - 15 - 170*g. What is the tens digit of n(-18)?
2
Let d(v) be the second derivative of 0 - 9*v**2 + v - 23/6*v**3. What is the tens digit of d(-4)?
7
Suppose -h - h - 12 = -2*m, 3*m - 4*h = 14. What is the units digit of ((-1145)/20)/(m/(-120))?
7
Let r be 2/(-7) - 104/28. Let b be (206/r)/(9/2 + -4). What is the tens digit of ((-6)/6)/(1/b)*1?
0
Suppose 244 = 3*a + 70. Let c = 57 - a. Let o(n) = -6*n**3 + n**2 - n - 1. What is the units digit of o(c)?
7
Let d be (-4)/(-10) - ((-73899)/45)/7. Let g = -125 + d. What is the units digit of g?
0
Suppose -u + 2*x + 10 = 0, 0 = 4*u + 2*x + 13 - 3. Suppose -5*o = -u*o + 15. What is the units digit of o + ((-14)/(-49) - 33/(-7))?
2
Let a(b) = 1. Let s(c) = -12*c - 9. Let f(g) = 4*a(g) + s(g). Suppose 5*m - 128 = -143. What is the units digit of f(m)?
1
Let i(w) = -w**3 - 39*w**2 + w +